what is 11a3 - 40?
1163
In base 13, what is 2a + -5bbc?
-5b92
In base 9, what is 6548 - 31?
6517
In base 2, what is 1111101 - -11010000?
101001101
In base 14, what is 295c - -47?
29a5
In base 7, what is 3 + 526102?
526105
In base 5, what is -1 + -121033213?
-121033214
In base 13, what is -2 - 5496?
-5498
In base 8, what is 35101 + -5?
35074
In base 14, what is 18 + -ca?
-b2
In base 4, what is -10132 - 3112?
-13310
In base 10, what is -83 - -1497?
1414
In base 14, what is 3 - c568?
-c565
In base 15, what is -631 - 121?
-752
In base 2, what is 11110110 - 101111?
11000111
In base 4, what is 102321 + 12110?
121031
In base 8, what is -6 + -1077060?
-1077066
In base 10, what is 30 - 11126?
-11096
In base 16, what is -5 + -1cae?
-1cb3
In base 3, what is 12 + 1011020111?
1011020200
In base 12, what is -20b89 + 5?
-20b84
In base 5, what is -12 + -34311112?
-34311124
In base 10, what is 2374 - -16?
2390
In base 11, what is -2094 - 10?
-20a4
In base 4, what is -1333221 + 3321?
-1323300
In base 5, what is -1112041 - -131?
-1111410
In base 16, what is 31 - -51b?
54c
In base 7, what is -2251302 - -13?
-2251256
In base 14, what is 2 + -1b999?
-1b997
In base 6, what is 501124 + 34?
501202
In base 10, what is 2 - -12357?
12359
In base 15, what is -49 + 226d?
2224
In base 10, what is 6540 - 64?
6476
In base 3, what is 1220200111 + -10?
1220200101
In base 10, what is 18 - -419?
437
In base 15, what is -37845 - -1?
-37844
In base 10, what is 98751 + 4?
98755
In base 12, what is -1062 + 25?
-1039
In base 8, what is -120 - -2123?
2003
In base 5, what is -32 - 214331?
-214413
In base 9, what is -440 - -5?
-434
In base 6, what is -1125143 + -102?
-1125245
In base 13, what is 704 + -36?
69b
In base 11, what is -4 + -60a?
-613
In base 10, what is -1026 - -22?
-1004
In base 13, what is 5 - 4c762?
-4c75a
In base 2, what is -110101010010001110 + 10?
-110101010010001100
In base 8, what is -5257 - 3?
-5262
In base 5, what is 13 - -11303020?
11303033
In base 14, what is -115c - 38?
-1196
In base 12, what is 14170 - 6?
14166
In base 10, what is -1744 - -22?
-1722
In base 9, what is -273 - -107?
-165
In base 7, what is -4263 + -21?
-4314
In base 10, what is 3 - -840734?
840737
In base 13, what is 32577 - 4?
32573
In base 9, what is 2 + -18755?
-18753
In base 5, what is 4 - -1330044?
1330103
In base 13, what is -6 - ac61?
-ac67
In base 14, what is 146b1 + 4?
146b5
In base 7, what is 36255036 + 0?
36255036
In base 14, what is -988 - 152?
-ada
In base 6, what is -31202 + -42?
-31244
In base 16, what is a1 + 75?
116
In base 13, what is 5 + 711?
716
In base 8, what is -132 + 1227?
1075
In base 2, what is -1000111010001 + 1000?
-1000111001001
In base 3, what is -221110 + -11010?
-1002120
In base 9, what is -2351 + -53?
-2414
In base 6, what is -2450 + 243?
-2203
In base 2, what is -111 - -1010111011011100?
1010111011010101
In base 4, what is -223 + -130233?
-131122
In base 11, what is -aa3 + -40?
-1033
In base 3, what is 2 - 12011212120?
-12011212111
In base 12, what is 217 + 942?
b59
In base 14, what is 171 + -7d?
d2
In base 10, what is -1652140 - -2?
-1652138
In base 11, what is 34 + -61130?
-610a7
In base 9, what is -4 - 217370?
-217374
In base 14, what is 2 - -1cb55?
1cb57
In base 16, what is 7d03 + -2?
7d01
In base 12, what is 729 + -11b8?
-68b
In base 5, what is -11 - 1333203?
-1333214
In base 4, what is 1133 + 100001?
101200
In base 13, what is 5 + -13870?
-13868
In base 6, what is -353035 - -121?
-352514
In base 15, what is 9d18 + -4?
9d14
In base 7, what is 4466616 - 12?
4466604
In base 7, what is 5 + 13610?
13615
In base 6, what is 320110 + 314?
320424
In base 13, what is 217b - -6?
2184
In base 14, what is 1bb7 - -14?
1bcb
In base 2, what is 11100100000 - -111111111?
100100011111
In base 6, what is -4 - 5221110?
-5221114
In base 14, what is -1 + -1ab360?
-1ab361
In base 9, what is -7 + -54403?
-54411
In base 12, what is -157830 - 5?
-157835
In base 14, what is -19c3 + 14?
-19ad
In base 5, what is 30 + -113121?
-113041
In base 10, what is 125 + -143?
-18
In base 11, what is -10 - 30?
-40
In base 4, what is 3 + 2033323?
2033332
In base 16, what is 111d - -1e8?
1305
In base 2, what is -1101000101 - 1010111000111?
-1100100001100
In base 9, what is -435065 + -5?
-435071
In base 13, what is -a4640 + -5?
-a4645
In base 16, what is -1e + 12f?
111
In base 14, what is -b0 + -23c?
-30c
In base 12, what is -2b15 + 419?
-26b8
In base 3, what is 210202201 + 11101?
210221002
In base 7, what is -115510 + 5?
-115502
In base 11, what is 23964 - 5?
2395a
In base 13, what is 13a2a - -15?
13a42
In base 2, what is 1000000 - -11100110110011?
11100111110011
In base 11, what is 123816 + 2?
123818
In base 8, what is 40511 - -15?
40526
In base 16, what is -52a - -55?
-4d5
In base 2, what is 100 - -11111100001101010?
11111100001101110
In base 9, what is 501 + 5?
506
In base 4, what is 122 - -1301221?
1302003
In base 5, what is -1201110243 + -1?
-1201110244
In base 13, what is 164334 - 3?
164331
In base 15, what is -133 + 20d?
ca
In base 13, what is 511b - b?
5110
In base 13, what is 27 - -258?
282
In base 8, what is 23004 - 13?
22771
In base 6, what is -3 - 540215?
-540222
In base 14, what is 2d - -5aa?
5d9
In base 11, what is -1 - 21aaa?
-22000
In base 5, what is 23 - -21340?
21413
In base 5, what is -4 + -24023112?
-24023121
In base 7, what is 12026210 + 3?
12026213
In base 6, what is 22112 + 10?
22122
In base 4, what is 11 + -1001120?
-1001103
In base 10, what is 2 + 10392?
10394
In base 4, what is -320310020 + -10?
-320310030
In base 7, what is 3310 + 226?
3536
In base 6, what is -23020 - 104?
-23124
In base 12, what is -93 + 1913?
1840
In base 6, what is -31301 - -32?
-31225
In base 9, what is -317 + -110?
-427
In base 15, what is -14c6 - -2?
-14c4
In base 3, what is -121 - 101011112222?
-101011120120
In base 13, what is -a - 83b6?
-83c3
In base 15, what is 1 - 7edd5?
-7edd4
In base 4, what is -1320101112 - -23?
-1320101023
In base 12, what is -92 - 455?
-527
In base 13, what is 719a + 4?
71a1
In base 2, what is -1000000 - 11111010101?
-100000010101
In base 11, what is 13 - 17505?
-174a2
In base 6, what is 1 + 1232015?
1232020
In base 9, what is -2 + -161336?
-161338
In base 12, what is 3b7 - 42?
375
In base 6, what is -1405503 - 1?
-1405504
In base 3, what is 2221011222012 - -10?
2221011222022
In base 12, what is 5 - 76319?
-76314
In base 10, what is 7 - -674?
681
In base 4, what is -30 - 1300001?
-1300031
In base 2, what is -100 + -10110000100101010?
-10110000100101110
In base 14, what is -c9d92 + -3?
-c9d95
In base 12, what is 7860b - 2?
78609
In base 7, what is -121336 + -4?
-121343
In base 3, what is 1012001 + 11110?
1100111
In base 10, what is -8 - 46377?
-46385
In base 12, what is -5 - -2446?
2441
In base 5, what is 20244 - -14?
20313
In base 13, what is -41 + -b92?
-c03
In base 6, what is -3 - 333504?
-333511
In base 16, what is 11 - 2ed?
-2dc
In base 6, what is 354 - -444255?
445053
In base 10, what is -528 - -15?
-513
In base 9, what is -22 + -15372?
-15404
In base 15, what is 4 - -1e1d?
1e22
In base 8, what is 13 + 122645?
122660
In base 4, what is -3 + -11311330?
-11311333
In base 4, what is -30333313 + -210?
-31000123
In base 7, what is -1 + 5401?
5400
In base 16, what is -1 - -270?
26f
In base 14, what is -2a + -16cd?
-1719
In base 12, what is -4058a - 15?
-405a3
In base 4, what is 10 - 11020132?
-11020122
In base 15, what is -6814e - 5?
-68154
In base 14, what is -4 - 3bcb?
-3bd1
In base 11, what is 71a + -50?
67a
In base 11, what is 44a64 - 86?
44989
In base 2, what is -1101001111010011000 + -11?
-1101001111010011011
In base 7, what is -3221 + 401?
-2520
In base 9, what is 67053 + 21?
67074
In base 6, what is 34 + -23433?
-23355
In base 4, what is 320 - -11121222?
11122202
In base 16, what is 4b6d + 1?
4b6e
In base 16, what is -27 + -6f?
-96
In base 8, what is -3 + 31632?
31627
In base 5, what is 20 - -30441420?
30441440
In base 10, what is -492614 + -4?
-492618
In base 7, what is 166 + -44160?
-43661
In base 9, what is 16710 + -5?
16704
In base 14, what is d2c62 + 5?
d2c67
In base 13, what is -870ac - 5?
-870b4
In base 10, what is -25886 + 119?
-25767
In base 7, what is 145360005 - -1?
145360006
In base 6, what is 3404523 - 4?
3404515
In base 16, what is 913 + 168?
a7b
In 